{"id":2689,"date":"2020-06-29T04:06:19","date_gmt":"2020-06-29T04:06:19","guid":{"rendered":"http:\/\/coedu.alianza.edu.uy\/?page_id=2689"},"modified":"2020-08-18T13:36:52","modified_gmt":"2020-08-18T13:36:52","slug":"servicios","status":"publish","type":"page","link":"https:\/\/coedu.alianza.edu.uy\/index.php\/servicios\/","title":{"rendered":"Servicios"},"content":{"rendered":"<p>[vc_row][vc_column][vc_empty_space][vc_row_inner][vc_column_inner][vc_column_text]<span><strong><span style=\"color: #009a97;\">CoEDU <\/span><\/strong><\/span> ofrece un servicio integral para capacitadores de todo tipo que buscan soluciones para llevar adelante sus instancias formativas sin tener que preocuparse por otros asuntos.<\/p>\n<hr \/>\n<p>Cada servicio integral <span><strong><span style=\"color: #009a97;\">CoEDU <\/span><\/strong><\/span> incluye:<\/p>\n<p><strong><span style=\"color: #0145ac;\">INFRAESTRUCTURA F\u00cdSICA:<\/span><\/strong><br \/>\nLas instalaciones de la Alianza son tan vers\u00e1tiles como acogedoras para llevar adelante todo tipo de instancias formativas. Los espacios, totalmente amoblados y acondicionados, var\u00edan entre salas de reuniones, salones de clases, salones para clases virtuales, auditorios, salas de teatro, etc.<\/p>\n<p><strong><span style=\"color: #0145ac;\">INFRAESTRUCTURA VIRTUAL:<\/span><\/strong><br \/>\nLas plataformas tecnol\u00f3gicas que facilitan y optimizan la gesti\u00f3n y ejecuci\u00f3n de instancias educativas y colaborativas tales como Moodle, G-Suite y Office 365 se encuentran a disposici\u00f3n de los capacitadores que formen parte del <strong><span style=\"color: #009a97;\">CoEdu<\/span><\/strong>.<\/p>\n<p><strong><span style=\"color: #0145ac;\">ASESORAMIENTO PROFESIONAL:<\/span><\/strong><br \/>\nEl equipo de Alianza ofrece asesoramiento profesional y capacitaciones para acompa\u00f1ar a la comunidad de capacitadores que integren <strong><span style=\"color: #009a97;\">CoEdu<\/span> <\/strong>para desarrollarse profesionalmente y optimizar sus resultado. El asesoramiento engloba tem\u00e1ticas varias tales como: educaci\u00f3n, pedagog\u00eda, marketing, comunicaci\u00f3n,<\/p>\n<hr \/>\n<p>Las modalidades de contrataci\u00f3n de los servicios pueden ser en cualquiera de las siguientes:<\/p>\n<p><span class=\"checkmark bg--primary-1\"><\/span><strong>Contrataci\u00f3n concreta:<\/strong> se ofrecen los servicios CoEdu de acuerdo a la demanda espec\u00edfica y concreta del cliente.<br \/>\nConozca los <a href=\"http:\/\/coedu.alianza.edu.uy\/index.php\/planes-y-precios\/\">precios de referencia aqu\u00ed <\/a>y los planes promocionales.<br \/>\nNo dude en solicitar cotizaciones espec\u00edficas.<\/p>\n<p><span class=\"checkmark bg--primary-1\"><\/span><strong>Membres\u00eda:<\/strong> a trav\u00e9s de un pago mensual, el cliente pasa a ser miembro de la comunidad CoEdu, que le permite acceder a una serie de beneficios.<br \/>\nConozca los <a href=\"http:\/\/coedu.alianza.edu.uy\/index.php\/planes-y-precios\/\">planes de membres\u00eda aqu\u00ed<\/a>.<\/p>\n<hr \/>\n<p>Cualquier tipo de contrataci\u00f3n tiene todos los siguientes servicios inclu\u00eddos:[\/vc_column_text][vc_empty_space][\/vc_column_inner][\/vc_row_inner][\/vc_column][\/vc_row][vc_row][vc_column width=\u00bb1\/3&#8243;]\r\n\t\t\t<div class=\" feature feature-3 boxed boxed--lg boxed--border text-center\">\r\n\t\t\t    <span class=\"icon color--primary icon--lg icon-Wireless\"><\/span>\r\n\t\t\t    <\/p>\n<p style=\"text-align: center;\">Internet libre<\/p>\n<p>\r\n\t\t\t<\/div><!--end feature-->\r\n\t\t[\/vc_column][vc_column width=\u00bb1\/3&#8243;]\r\n\t\t\t<div class=\" feature feature-3 boxed boxed--lg boxed--border text-center\">\r\n\t\t\t    <span class=\"icon color--primary icon--lg icon-Wave-2\"><\/span>\r\n\t\t\t    <\/p>\n<p style=\"text-align: center;\">Aire acondicionado<\/p>\n<p>\r\n\t\t\t<\/div><!--end feature-->\r\n\t\t[\/vc_column][vc_column width=\u00bb1\/3&#8243;]\r\n\t\t\t<div class=\" feature feature-3 boxed boxed--lg boxed--border text-center\">\r\n\t\t\t    <span class=\"icon color--primary icon--lg icon-Quill-2\"><\/span>\r\n\t\t\t    <\/p>\n<p style=\"text-align: center;\">Servicio de limpieza<\/p>\n<p>\r\n\t\t\t<\/div><!--end feature-->\r\n\t\t[\/vc_column][\/vc_row][vc_row][vc_column width=\u00bb1\/3&#8243;]\r\n\t\t\t<div class=\" feature feature-3 boxed boxed--lg boxed--border text-center\">\r\n\t\t\t    <span class=\"icon color--primary icon--lg icon-Bicycle\"><\/span>\r\n\t\t\t    <\/p>\n<p style=\"text-align: center;\">Estacionamiento para bicicletas<\/p>\n<p>\r\n\t\t\t<\/div><!--end feature-->\r\n\t\t[\/vc_column][vc_column width=\u00bb1\/3&#8243;]\r\n\t\t\t<div class=\" feature feature-3 boxed boxed--lg boxed--border text-center\">\r\n\t\t\t    <span class=\"icon color--primary icon--lg icon-Chair\"><\/span>\r\n\t\t\t    <\/p>\n<p style=\"text-align: center;\">Zonas de descanso<\/p>\n<p>\r\n\t\t\t<\/div><!--end feature-->\r\n\t\t[\/vc_column][vc_column width=\u00bb1\/3&#8243;]\r\n\t\t\t<div class=\" feature feature-3 boxed boxed--lg boxed--border text-center\">\r\n\t\t\t    <span class=\"icon color--primary icon--lg icon-Hat\"><\/span>\r\n\t\t\t    <\/p>\n<p style=\"text-align: center;\">Cafeter\u00eda<\/p>\n<p>\r\n\t\t\t<\/div><!--end feature-->\r\n\t\t[\/vc_column][\/vc_row][vc_row][vc_column width=\u00bb1\/3&#8243;]\r\n\t\t\t<div class=\" feature feature-3 boxed boxed--lg boxed--border text-center\">\r\n\t\t\t    <span class=\"icon color--primary icon--lg icon-Envelope\"><\/span>\r\n\t\t\t    <\/p>\n<p style=\"text-align: center;\">Recepci\u00f3n de correspondencia<\/p>\n<p>\r\n\t\t\t<\/div><!--end feature-->\r\n\t\t[\/vc_column][vc_column width=\u00bb1\/3&#8243;]\r\n\t\t\t<div class=\" feature feature-3 boxed boxed--lg boxed--border text-center\">\r\n\t\t\t    <span class=\"icon color--primary icon--lg icon-Empty-Box\"><\/span>\r\n\t\t\t    <\/p>\n<p style=\"text-align: center;\">Guardabultos<\/p>\n<p>\r\n\t\t\t<\/div><!--end feature-->\r\n\t\t[\/vc_column][vc_column width=\u00bb1\/3&#8243;]\r\n\t\t\t<div class=\" feature feature-3 boxed boxed--lg boxed--border text-center\">\r\n\t\t\t    <span class=\"icon color--primary icon--lg icon-Add-UserStar\"><\/span>\r\n\t\t\t    <\/p>\n<p style=\"text-align: center;\">Plataformas educativas<\/p>\n<p>\r\n\t\t\t<\/div><!--end feature-->\r\n\t\t[\/vc_column][\/vc_row]<\/p>\n","protected":false},"excerpt":{"rendered":"<p>[vc_row][vc_column][vc_empty_space][vc_row_inner][vc_column_inner][vc_column_text]CoEDU ofrece un servicio integral para capacitadores de todo tipo que buscan soluciones para llevar adelante sus instancias formativas sin tener que&#8230;<\/p>\n","protected":false},"author":1,"featured_media":0,"parent":0,"menu_order":0,"comment_status":"closed","ping_status":"closed","template":"","meta":[],"_links":{"self":[{"href":"https:\/\/coedu.alianza.edu.uy\/index.php\/wp-json\/wp\/v2\/pages\/2689"}],"collection":[{"href":"https:\/\/coedu.alianza.edu.uy\/index.php\/wp-json\/wp\/v2\/pages"}],"about":[{"href":"https:\/\/coedu.alianza.edu.uy\/index.php\/wp-json\/wp\/v2\/types\/page"}],"author":[{"embeddable":true,"href":"https:\/\/coedu.alianza.edu.uy\/index.php\/wp-json\/wp\/v2\/users\/1"}],"replies":[{"embeddable":true,"href":"https:\/\/coedu.alianza.edu.uy\/index.php\/wp-json\/wp\/v2\/comments?post=2689"}],"version-history":[{"count":17,"href":"https:\/\/coedu.alianza.edu.uy\/index.php\/wp-json\/wp\/v2\/pages\/2689\/revisions"}],"predecessor-version":[{"id":3149,"href":"https:\/\/coedu.alianza.edu.uy\/index.php\/wp-json\/wp\/v2\/pages\/2689\/revisions\/3149"}],"wp:attachment":[{"href":"https:\/\/coedu.alianza.edu.uy\/index.php\/wp-json\/wp\/v2\/media?parent=2689"}],"curies":[{"name":"wp","href":"https:\/\/api.w.org\/{rel}","templated":true}]}}